ose h*y - z = -2*z + 17, -2*z - 2 = 0. Let d = 21 + -15. What is the greatest common divisor of d and y?
6
Suppose 2*u = 2*x + 570 + 530, 0 = -5*x. Suppose -2*p + 4*i + 214 = -36, -4*p = 2*i - u. What is the highest common factor of 15 and p?
15
Suppose -2*k + 6*k - 8 = 0. Let a be -108*(-3)/9*k. Calculate the greatest common factor of 24 and a.
24
Suppose -5*t + 248 = 3*y - 83, -t - 238 = -2*y. What is the highest common divisor of 13 and y?
13
Suppose 9 = -2*r + 159. Let b(y) = -y**2 + 8*y - 8. Let c be b(6). Suppose c*n + n = 150. Calculate the greatest common factor of n and r.
15
Let t = 35 - -20. Calculate the greatest common factor of 11 and t.
11
Let t = 182 + -70. Suppose -5*x - 3*h + 64 = 0, 4*h - 34 = -4*x + 14. What is the highest common divisor of x and t?
14
Let h(i) = -i**3 + 11*i**2 - 10*i + 4. Let y be h(10). Suppose y*d = 2*p + 48, 10 = 2*d + p - 18. Calculate the highest common factor of d and 143.
13
Suppose 0 = -6*a + a + 2*x + 139, -4*a + 3*x = -114. Calculate the greatest common factor of a and 3.
3
Suppose 0 = -4*g + 5*g - 330. Suppose 28 = f - 2. What is the greatest common divisor of g and f?
30
Suppose 0 = 5*u - u + 68. Let r be (-4 + 3)*1 - u. Calculate the greatest common factor of 64 and r.
16
Let n = 119 - 89. What is the highest common factor of n and 12?
6
Let w = 8 + -5. Suppose -2*s + 3*k + 18 = 0, -3*s + 0*k + 65 = 5*k. Calculate the greatest common factor of s and w.
3
Suppose 4*s + 2 = -2*x, -2*s + 7*x - 3*x + 4 = 0. Suppose s*f + 4 = 4*f. Calculate the greatest common factor of 11 and f.
1
Let t(h) = -4*h + 6. Let i be t(-5). Let r = i - 6. Calculate the greatest common factor of r and 60.
20
Let g = -9 - -13. Let y = g - 7. Let p(f) = 2*f**2 + 4*f + 2. Let j be p(y). What is the highest common factor of j and 8?
8
Let r = -1 + 8. Let g = -1 + r. Calculate the highest common divisor of g and 18.
6
Suppose -x + 15 = -0. Suppose 0 = -5*o + 5*g - 25, -o + 3*g = 2 + 9. Let y be -30*o/(12/9). Calculate the highest common divisor of y and x.
15
Suppose -5*f + 149 = p, 0 = -p + 6*f - f + 159. Calculate the greatest common divisor of p and 14.
14
Let b be ((-2)/(-4))/(2/20). Let s(z) = 8 - z + 2*z**2 - z**2 - 7*z. Let h be s(7). What is the highest common divisor of h and b?
1
Let t be (-2 - -1) + -1 + 6. What is the greatest common divisor of t and 10?
2
Let p = 5 + -9. Let y be (-4 - -1)*(p - -3). Suppose 4*w = y*g - 176, -4*g + 3*w = -292 + 62. Calculate the greatest common divisor of 8 and g.
8
Let f = 30 - 24. Suppose d + 18 = 3*d. Let a = 39 + d. Calculate the greatest common divisor of a and f.
6
Let o = 303 - 203. What is the greatest common factor of o and 20?
20
Let f = 3 + 3. Let g(q) = q**2 + 1. Let x(o) = -5*o**2 + 7*o + 2. Let m(y) = 4*g(y) + x(y). Let t be m(f). What is the greatest common divisor of 96 and t?
12
Let d = -2 + 5. Suppose -d*p - 4 = 2. Let w = 0 - p. Calculate the greatest common factor of 22 and w.
2
Let a(c) = -5*c - 2. Let f be a(-2). What is the greatest common divisor of 8 and f?
8
Let n be (-570)/18*(-60)/50. Let k(v) = v + 19. Let x be k(0). Calculate the highest common factor of n and x.
19
Let s(i) = 15*i + 2. Let p = -4 + 13. Let j be 5*(p/(-15) + 1). Let c be s(j). Calculate the highest common divisor of 4 and c.
4
Suppose n - 4*r = 20, -15 = 4*n + 2*r - 5. Suppose 3*w + w - 200 = n. What is the highest common factor of w and 10?
10
Suppose -4*n + 4*w + 61 = -3*n, -174 = -3*n + 3*w. Let u = -26 - -45. What is the highest common divisor of n and u?
19
Let s = -10 + 26. Let u(n) = n**2 + 9*n + 6. Let f be u(-10). Calculate the highest common factor of f and s.
16
Let g(r) = 5 - r + 0*r + r**3 + r**3 - 4*r**2. Let m be g(4). Let n = 18 + 8. Calculate the greatest common factor of m and n.
13
Suppose -3*r - 2 = -d - 0, 4*r = -2*d + 14. Suppose 0 = 7*i - 6*i - 28. Suppose 0 = 5*v - v - i. What is the greatest common divisor of v and r?
1
Let s be 12/(-6) - 5/(10/(-36)). Let b(w) be the third derivative of -w**4/4 + 2*w**3/3 + w**2. Let r be b(-6). What is the highest common factor of r and s?
8
Suppose 2*j + 2*j = 16. Suppose -x = j*x. Let i = x + 2. Calculate the greatest common factor of 2 and i.
2
Let b = 334 + -129. What is the highest common factor of b and 41?
41
Let s(c) = -2*c. Let f be s(-1). Let h be (-12)/((24 - 21)/(18/(-4))). What is the highest common divisor of h and f?
2
Suppose 10 + 1178 = 2*i. Let v = -395 + i. Suppose -3*d + 206 = -v. What is the highest common divisor of d and 15?
15
Let o be 12/(-10)*30/(-4). Calculate the highest common factor of 3 and o.
3
Let u(m) = -m**3 + m**2 - 9. Let k be u(0). Let w = k + 13. Let x(g) = g**2 - 3*g + 4. Let j be x(w). Calculate the greatest common factor of 4 and j.
4
Suppose -4*c = -2*q + 12, -3*q - 2*q + 2*c + 46 = 0. Calculate the highest common divisor of q and 80.
10
Suppose 7*h + 312 = 11*h. Let k = h - 22. Suppose -k - 28 = -n. What is the highest common divisor of 12 and n?
12
Suppose -4 = 4*p - 2*p + k, -5*k + 10 = 0. Let s be -1*(6*1)/p. Suppose -3*a = -4*a + 4. Calculate the highest common divisor of s and a.
2
Let q be 66/(-6)*-1*3. What is the greatest common factor of q and 44?
11
Suppose 5*h - 4*k - 25 = 0, -5 = h - 2*h + 4*k. Calculate the greatest common factor of 15 and h.
5
Let r(h) = -3*h**3 - 6*h**2 - 6*h - 14. Let m be r(-3). What is the highest common divisor of 155 and m?
31
Let f be -1 - -12 - (0 - 1). Let c = 21 - f. Suppose -6*x + 8*x = 162. What is the highest common factor of x and c?
9
Suppose -2*h + 3*d - 107 = -4*h, 0 = -3*h - 4*d + 159. Suppose -2*i = -7*i + 30. Suppose -5*s - i + 41 = 0. Calculate the greatest common factor of h and s.
7
Suppose -3*k = 2*k - 330. Calculate the greatest common divisor of 11 and k.
11
Let t(l) = -2*l + 4. Let s be t(2). Suppose 0 = 2*r - s - 2. Calculate the highest common divisor of r and 1.
1
Suppose -3*l = 1 - 7. Calculate the greatest common factor of l and 14.
2
Suppose 0 = -2*t - 5*i + 15, 3*t + 4*i = 4*t - 14. What is the greatest common divisor of t and 5?
5
Suppose -g - 6*g + 350 = 0. Calculate the highest common divisor of 20 and g.
10
Let g be 0 + (1 - 2) + 12. Let h = 18 - g. Let w be 0 - (-9 - -2)/1. What is the greatest common divisor of w and h?
7
Let s(t) = -2*t - 18. Let i be s(-13). Let m(g) = -g**2 + 9*g. Let o be m(i). Calculate the greatest common factor of o and 8.
8
Let o be (-1 + 2)*3 - -10. Let m be o/3 - (-1)/(-3). What is the greatest common factor of 2 and m?
2
Suppose 0 = -5*g - 0*g + 40. Calculate the greatest common factor of g and 8.
8
Let r be 80/6 - 2/6. Suppose -5*b - 5*x - 134 = -589, 0 = -4*b - x + 364. What is the greatest common factor of r and b?
13
Let h = -83 + 140. Let b = 121 - h. What is the greatest common divisor of 8 and b?
8
Let u be 114 + 0 + 1 + -3. What is the greatest common factor of 14 and u?
14
Suppose -2 = l + 4*i, -5*l + 0*i = 3*i - 24. Calculate the highest common factor of 4 and l.
2
Let x(z) = 4*z + 33. Let a be x(4). What is the greatest common divisor of 98 and a?
49
Suppose -15*y + 18*y - 60 = 0. What is the greatest common divisor of y and 5?
5
Let m(f) = f**2 - 6*f - 4. Let d be m(7). What is the highest common divisor of d and 2?
1
Let w(d) = -d**3 + 3*d**2 + 6*d - 4. Let l be w(4). Let f be (0 - -3) + l/4. Calculate the highest common divisor of 24 and f.
4
Let b(i) = -12*i + 1. Let s be b(-1). Let m(z) = 13*z**2 + 4*z - 1. Let v be m(-3). Suppose -y = -0*y - v. What is the highest common factor of s and y?
13
Suppose 0*v + 156 = 4*v. Let j = -30 + 43. Calculate the greatest common factor of v and j.
13
Suppose 2*v - 10 = 0, -3*p + 2*v + 1 = 4*v. Let z be (p - 0 - -1) + 79. Calculate the greatest common factor of z and 11.
11
Let q(b) = b**2 - 2*b - 3. Let r be q(5). Suppose -v = v - r. Suppose v*m - 396 = 2*m. Calculate the highest common divisor of 11 and m.
11
Suppose 2*l - 5*d - 33 = 0, -2*l + 5 + 8 = -d. Suppose 5*a - l = 11. What is the greatest common divisor of 6 and a?
3
Let n be 8 - (-1 + 3 + 4 + -4). What is the greatest common factor of n and 4?
2
Suppose 5*o = 396 - 146. Suppose o = 4*k - 598. Let x = -1159 - -1177. Calculate the greatest common divisor of k and x.
18
Suppose -17 = -4*q + 3*q. Suppose 3*g - 441 = -5*h - g, h + 3*g - 97 = 0. What is the greatest common